ppose g = 193 - 49. What is the highest common factor of g and 96?
48
Let w be ((-8)/(-3))/(2/3). Suppose 0 = -6*h + 4*h + w*k, 0 = 5*h - 5*k + 10. Let r be ((-36)/6)/(h/2). Calculate the highest common factor of 33 and r.
3
Suppose -4*j = -4*g + 112, -4*g - 96 - 17 = 5*j. Let a = j + 35. Let t be ((-2)/3)/(a/(-105)). Calculate the greatest common factor of t and 1.
1
Let r = -2 + 7. Suppose -r*c + 60 = -0*c. Suppose 170 = 3*p + 2*y - 112, 399 = 4*p - 5*y. What is the greatest common divisor of p and c?
12
Suppose s = -4*l - s + 18, -4*s = 2*l - 12. Suppose -c + 42 = 3*c - b, -4*b - 36 = -l*c. Let d = c - 3. Calculate the highest common divisor of 12 and d.
4
Suppose g + 105 = 6*g. Let b(q) = q + 15. Let t be b(-8). What is the highest common divisor of g and t?
7
Let n be 2 - -6 - 6/2. Suppose -3*s + 16 - 3 = -c, s = -n*c - 1. Suppose s*l = 3*l + 12. What is the highest common divisor of l and 8?
4
Let z be (-3 - (-5 - 103)) + -5. What is the highest common factor of z and 20?
20
Let r(x) = 4 - 3*x - 2 + x**2 - 7 - 4. Let s be r(7). What is the highest common divisor of s and 38?
19
Suppose 11*i = 6*i + 45. What is the greatest common divisor of i and 6?
3
Let p be 0*2*3/18. Let x = p - -30. Suppose -v - v + 20 = 0. Calculate the greatest common factor of x and v.
10
Let b be (6/4)/((-9)/(-6)). What is the greatest common divisor of 4 and b?
1
Suppose 104 + 491 = 5*o. What is the greatest common factor of o and 17?
17
Let h = 6 + -4. Suppose 0 = -2*i - 2 - h. Let u be (-6)/(-3)*(-9)/i. What is the highest common factor of u and 54?
9
Let z(v) = -9*v - 7. Let d be z(-2). What is the greatest common factor of d and 77?
11
Suppose 13*b - 224 = 9*b. What is the greatest common factor of b and 7?
7
Let w(k) = -k**2 + k + 20. Let c be w(0). What is the highest common factor of c and 8?
4
Let i(t) be the first derivative of t**4/4 - t**2/2 + 14*t + 1. Let y be i(0). What is the highest common divisor of y and 14?
14
Let l be 104/(-8) - (0 + 0). Let r = 6 + -14. Let v = r - l. What is the highest common factor of v and 10?
5
Suppose 2*r - 78 = -0*r. Suppose -r + 7 = -4*p. Suppose -3*n + p = -25. What is the greatest common divisor of n and 121?
11
Let m = -9 + 16. Let l be (-6)/(1/5*-2). Suppose j + u - 8 = -0*u, 2*j + u - l = 0. What is the greatest common factor of j and m?
7
Let l(p) = 5*p + 4. Let y be l(2). What is the highest common divisor of 49 and y?
7
Let s(t) = 3*t**3 + 2 - 4*t**3 + 2*t**3 - 2*t**2 + t. Let h be s(2). Suppose o = h*o - 21. What is the highest common factor of o and 63?
7
Suppose 76 = n + 5*h, -2*n + h + 84 = -24. Calculate the greatest common factor of n and 8.
8
Let d be 135/(-2)*(-6)/9. Suppose -3*u + 27 = -y - y, -5*u - 3*y + d = 0. What is the highest common factor of 27 and u?
9
Let j be (2 + -4)/((-2)/15). Suppose 0 = -3*w + 2*n + j, 5 = w - 0*n - n. Calculate the greatest common divisor of w and 20.
5
Let r(h) = 4*h**3 + h**2 + h - 1. Let x be r(1). Let j be 1 + -5 - 2*-1. Let g = 7 + j. Calculate the greatest common factor of x and g.
5
Let u be 6/(-27) + (-47)/(-9). Suppose -l - 2*i - 11 = i, -5*l - i = -1. Calculate the highest common divisor of l and u.
1
Let a = 6 + 12. What is the greatest common divisor of a and 18?
18
Let z(n) = -n. Let t be z(4). Let v(w) = w**2 + 2*w - 3. Let r be v(t). Suppose -r*s - 20 = -7*s. Calculate the greatest common factor of 50 and s.
10
Suppose 5*r - r - 192 = 0. What is the highest common factor of r and 12?
12
Let w(a) = 27*a + 3. Let l be w(1). What is the greatest common factor of l and 50?
10
Let a(g) = -g**3 + 4*g**2 + 4. Let i = 3 + 1. Let x be a(i). Suppose 5*s + 56 - 76 = 0. What is the greatest common factor of s and x?
4
Suppose 199 = 2*g + m, -4*g + 535 = g - 5*m. Let o = g + -58. What is the greatest common divisor of 4 and o?
4
Suppose -t - 60 = -2*z, 0 = -t + 5*t. Let y be (-1 - (-8)/(-4)) + z. Calculate the highest common factor of 135 and y.
27
Suppose -i - q = -6 + 3, 0 = 3*i - 4*q - 2. Suppose 0*t + 42 = i*t. Let m be 1/(3/t*1). What is the highest common factor of 49 and m?
7
Let h be 53/3 - (-100)/(-150). Suppose -d = 3*d - 5*f - 340, -3*d + 5*f + 255 = 0. What is the highest common factor of d and h?
17
Let z be -1 - (3 + 0 + -16). What is the greatest common factor of z and 24?
12
Let j be 46/8 - (-2)/8. Let t be j/(-9) + 167/3. Suppose -11 = -3*n + 22. What is the highest common factor of n and t?
11
Let d be 108/2 - (6 + -2). Suppose -4*z = 21 - 101. What is the greatest common factor of z and d?
10
Suppose -2*y = 5*c - 316, 4*y - 2*c = c + 684. What is the greatest common factor of 24 and y?
24
Let a(q) = q**2 - 2*q - 2. Let v be a(-3). Let r(f) = -4 + 16 - 2 + 2*f. Let h be r(8). What is the highest common divisor of v and h?
13
Suppose -2*a = -3*c - 0*c - 16, -a - 4*c = -19. Let t(o) = 2*o - 10. Let r be t(a). Calculate the greatest common divisor of r and 3.
3
Let d = 6 - 4. Suppose 5*r + 3*b = -b + 15, -18 = -4*r - d*b. Let i = r - 1. Calculate the highest common divisor of 54 and i.
6
Let m = -175 + 551. Calculate the highest common factor of m and 47.
47
Let m(z) be the second derivative of z**5/20 + z**4/4 - z**3/2 + 2*z**2 - 6*z. Let r be m(-3). What is the highest common divisor of 52 and r?
13
Suppose 4*f - 91 = -4*x + 3*f, x = -3*f + 31. Let y be ((-40)/14)/(x/(-77)). Calculate the greatest common factor of y and 30.
10
Suppose -2*n - 1008 = -8*n. Calculate the highest common factor of n and 24.
24
Let y be (-24)/(-10)*35/14. Let c = y - -3. What is the greatest common divisor of 36 and c?
9
Let p(n) = 10*n**2 + 3*n + 1. Suppose -4*d = -5*v + 8, 4*d + 10 = -d - 5*v. Let g be p(d). Calculate the highest common divisor of g and 7.
7
Suppose 5*l - 4*u = u + 20, -5*l - 3*u + 20 = 0. Suppose -2*j + 28 = l. What is the highest common factor of 108 and j?
12
Let g(o) = o**3 - 5*o**2 - 5*o - 4. Let u be g(6). Let j be (-52 - (u - 3)) + -1. Let l be (j/(-6))/(6/9). What is the highest common factor of l and 26?
13
Suppose r = 4*o - r - 24, -3*o + 18 = -2*r. Calculate the highest common factor of 6 and o.
6
Let s be (-3)/21 - 252/(-49). Suppose -61 = -3*z - s*a, 2*z - 7 = 3*a + 21. Calculate the greatest common factor of z and 68.
17
Suppose u - 3*y + 9 = 28, 4*y = -3*u + 83. What is the highest common factor of u and 225?
25
Let y = -23 - -31. What is the highest common factor of y and 8?
8
Let f be (-57)/(-3*(-3)/(-6)). What is the greatest common factor of 19 and f?
19
Suppose -5*z + 92 = 3*d, -4*d - 98 = -5*z - d. Let m = 24 - z. What is the greatest common divisor of 35 and m?
5
Suppose 200 = 3*n + 2*n. Let b be 16/n - 6/(-10). Calculate the greatest common divisor of b and 2.
1
Suppose o - 32 = 3*i, o - 4*i = -0 + 32. Calculate the highest common factor of 16 and o.
16
Let d be (-6)/(-6) + (16 - 1). Let w(l) = l**3 - 17*l**2 + 15*l + 21. Let z be w(d). Calculate the greatest common divisor of z and 40.
5
Suppose -5*q + 5*n - n = -102, -q - 4*n = -6. What is the highest common divisor of 144 and q?
18
Let k be 159/4 + (-1)/(-4). Suppose 0 = -7*j + 24 + 11. Calculate the greatest common factor of k and j.
5
Let w be (-2 - 3/(-3))*-3. Suppose -16 = -3*y - y - w*k, 4*k = -5*y + 20. What is the highest common factor of 8 and y?
4
Let u(f) = -2*f - 5. Let c be u(-4). Suppose c*j + 9 = -0*p - p, -3*j = -4*p + 9. Suppose -n = -p*n - 14. Calculate the greatest common divisor of 112 and n.
14
Suppose -3*o + 4 = -104. Calculate the greatest common divisor of 12 and o.
12
Let c(u) = -3*u**3 + u**2 + 2*u. Let q be c(-2). Let j be ((-6)/4)/(q/(-160)). Suppose -3*b - 50 = -4*b. What is the greatest common factor of j and b?
10
Suppose 0 = -i + 6*i - 4*v - 50, -2*i + 2*v = -20. Let k be 30 + 1*0/(-2). What is the highest common divisor of i and k?
10
Let j(b) = 14*b - 61. Let u be j(7). What is the greatest common factor of 111 and u?
37
Let v be -4*(60/(-16) - -4)*-26. What is the greatest common factor of 65 and v?
13
Let k = 11 + -6. What is the greatest common divisor of k and 15?
5
Let z = 136 + -116. Let p be (2 - 4 - -2) + 30. What is the greatest common divisor of z and p?
10
Suppose 4*x - 5*m = 15, 0*x + m = -x + 15. Calculate the greatest common factor of 5 and x.
5
Let k(o) = -2*o**3 - 14*o**2 + 9. Let h be k(-7). Let s be (-4 + 1)/(1/(-3)). What